 base 5, what is 40140 + -23111?
12024
In base 9, what is 3 - -4682820?
4682823
In base 6, what is -15 - 5411300405?
-5411300424
In base 4, what is 2311 - -103020013?
103022330
In base 5, what is -1101302302 + 1?
-1101302301
In base 4, what is -10132010322 - 10112?
-10132021100
In base 15, what is 19dad5a - -4?
19dad5e
In base 14, what is -19 - 18a6a5?
-18a6c0
In base 7, what is 150021443 + -1?
150021442
In base 8, what is 1752 - -61464?
63436
In base 12, what is 168b + -7556?
-5a87
In base 3, what is 212012011211011 + -10?
212012011211001
In base 11, what is 644 - 103355?
-102811
In base 11, what is -21512935 - 2?
-21512937
In base 13, what is -596 - 4b4?
-a7a
In base 11, what is -734956 + 146?
-734810
In base 10, what is 1248 + -10324?
-9076
In base 16, what is 3 - 4ec9a7?
-4ec9a4
In base 15, what is -16400 + 395?
-1605a
In base 7, what is -361 + -3605404?
-3606065
In base 2, what is 1000 + 101000110111010100100001?
101000110111010100101001
In base 11, what is 1 - -4829673a?
48296740
In base 2, what is -1101010111111110 + -111110010101?
-1110010110010011
In base 15, what is -79 - -930d?
9284
In base 5, what is 1040 + 11011324?
11012414
In base 12, what is -3 - -b76647b?
b766478
In base 13, what is -6 - -b5423a?
b54234
In base 4, what is -1123200 + 102010?
-1021130
In base 14, what is 861db - 19?
861c2
In base 10, what is 100 - -1890937?
1891037
In base 12, what is 31ba1a + -57?
31b983
In base 2, what is -101 - -11110110101011011000100000?
11110110101011011000011011
In base 2, what is -10110001110001110 + 1000011011?
-10110000101110011
In base 9, what is 117546533 - 0?
117546533
In base 2, what is 1000011 - -1100011101000000?
1100011110000011
In base 3, what is 1020102221202200 + 12?
1020102221202212
In base 10, what is 30 + 17246?
17276
In base 14, what is -832 + -495?
-cc7
In base 7, what is -1014 - -10436042?
10435025
In base 12, what is 5 + 1490a597?
1490a5a0
In base 12, what is 0 + 1a8148?
1a8148
In base 2, what is 101011001001111111000101 + 0?
101011001001111111000101
In base 7, what is -436 - -53610035?
53606266
In base 2, what is -101100010101000110 + -1011?
-101100010101010001
In base 10, what is -509288 - 632?
-509920
In base 8, what is 1617666 - -1?
1617667
In base 8, what is 437 + 70517?
71156
In base 7, what is -4 - -612341330?
612341323
In base 6, what is 130500014034 + 3?
130500014041
In base 9, what is 800 - 7512?
-6612
In base 6, what is 4 + 304240001?
304240005
In base 11, what is 2468785 - 126?
246865a
In base 9, what is 26430 - -14118?
41548
In base 10, what is 10650 - 805?
9845
In base 2, what is 1011110001110111001 + 1000000?
1011110001111111001
In base 9, what is -3 - -22044204?
22044201
In base 6, what is 5 + 1501220335?
1501220344
In base 14, what is -3bc3d + -2ad?
-3c10c
In base 15, what is -1d27e28 + 4?
-1d27e24
In base 3, what is 2021 - 21100100220001?
-21100100210210
In base 5, what is 1231314 + 1211342?
2443211
In base 2, what is -11010001011010001111010 - 10?
-11010001011010001111100
In base 13, what is 50 + -bc46?
-bbc6
In base 11, what is -857801 - 5?
-857806
In base 2, what is 11 + 100000011100101001100110?
100000011100101001101001
In base 11, what is 39 + 24272?
24300
In base 11, what is 24 + 13391?
13405
In base 10, what is -12 - -5559459?
5559447
In base 14, what is -6336 - 2aab?
-9003
In base 15, what is 1138e9 - 4?
1138e5
In base 5, what is 10 - -1343334430?
1343334440
In base 2, what is -11 - -1101110100010000011?
1101110100010000000
In base 13, what is -1 + -2b1148?
-2b1149
In base 12, what is -8962549 + -13?
-8962560
In base 9, what is 3 + 4340523?
4340526
In base 6, what is -1310 + 1441453?
1440143
In base 9, what is -2 - -7782153?
7782151
In base 3, what is 1 + 10022111100200?
10022111100201
In base 5, what is -442 - -33002?
32010
In base 4, what is -12 - -3322123121?
3322123103
In base 12, what is 3 + 2035108?
203510b
In base 11, what is -2 - -1496a61?
1496a5a
In base 3, what is 10010000 - 10101112?
-21112
In base 16, what is 53c - -1c277?
1c7b3
In base 12, what is -333 - 423434?
-423767
In base 13, what is 10a919a + -4?
10a9196
In base 5, what is 4441212 - -244?
4442011
In base 4, what is 331331301 + 1120?
331333021
In base 8, what is 205176 - -15?
205213
In base 5, what is -13312 + -14004?
-32321
In base 11, what is 5 + 1581291?
1581296
In base 8, what is -1 + -76250035?
-76250036
In base 6, what is -100 + -44041455?
-44041555
In base 8, what is -41 - -3064012?
3063751
In base 9, what is -128038556 - 1?
-128038557
In base 4, what is -1120 + -121021212?
-121022332
In base 2, what is -11111010000010100111010 + -100?
-11111010000010100111110
In base 8, what is -1662412162 + 5?
-1662412155
In base 10, what is -43689511 - 1?
-43689512
In base 8, what is 11417015 + 1?
11417016
In base 14, what is 19a3b5c6c - 3?
19a3b5c69
In base 16, what is 24 + 37814?
37838
In base 15, what is -47512ca - 3?
-47512cd
In base 10, what is 417682 + -12?
417670
In base 11, what is -50269 + -17?
-50285
In base 10, what is 9361961 + 1?
9361962
In base 11, what is -27254a826 - -2?
-27254a824
In base 9, what is 387174 + 15?
387200
In base 10, what is 1328 + 204135?
205463
In base 16, what is -cd87 + -2b?
-cdb2
In base 11, what is 27 - 623282?
-623256
In base 11, what is -a00 + 20191a?
200a1a
In base 6, what is 2005 + 125401?
131410
In base 14, what is 1a0656 - 17?
1a063d
In base 4, what is -1113033313322 + 10?
-1113033313312
In base 8, what is -3 - 26456575?
-26456600
In base 10, what is 22 + 472018?
472040
In base 13, what is -2 + -65ca9a?
-65ca9c
In base 13, what is -17c + -92b92?
-93041
In base 3, what is -122 + 201201012021010?
201201012020111
In base 14, what is 148d592 - -54?
148d606
In base 9, what is 125 - 445625?
-445500
In base 6, what is -2512155133 + -3?
-2512155140
In base 9, what is 1 + -3088105?
-3088104
In base 12, what is 9132b - 407?
90b24
In base 11, what is -22a4 + -355?
-2649
In base 9, what is -121 + -573362?
-573483
In base 11, what is 34 - 658494?
-658460
In base 12, what is -159 - 35509?
-35666
In base 9, what is -204528 - -128?
-204400
In base 8, what is 1 + -314050203?
-314050202
In base 6, what is -1403 - 143301?
-145104
In base 11, what is -203a5 - 12a16?
-33310
In base 6, what is -31240 - 553442?
-1025122
In base 4, what is 2 + -1212332022301?
-1212332022233
In base 5, what is 40142013040 + -10?
40142013030
In base 4, what is -3033021 - -11022130?
1323103
In base 8, what is -207 + 30564463?
30564254
In base 4, what is 0 - -222313133212?
222313133212
In base 10, what is -252840049 + -2?
-252840051
In base 2, what is 10000110 - -11011000000?
11101000110
In base 5, what is -112423 + -102343?
-220321
In base 15, what is -bde53b2 - -2?
-bde53b0
In base 10, what is 164 + -18142?
-17978
In base 5, what is 141011330 + 123?
141012003
In base 8, what is 35453 + 2602?
40255
In base 14, what is -5b906 + -848?
-5c350
In base 4, what is -303013 + 211032?
-31321
In base 5, what is 302220233 - 21?
302220212
In base 15, what is 1026 - -6e1?
1717
In base 11, what is -3 + 208434a1?
20843499
In base 4, what is -1021323123132 + -11?
-1021323123203
In base 8, what is 1001664336 - 7?
1001664327
In base 6, what is 55154054 + -10?
55154044
In base 3, what is 11202 + 2001202011?
2001220220
In base 3, what is 10211111211012 + 100?
10211111211112
In base 14, what is 43 - 48392c?
-4838c9
In base 8, what is -346 + -3523707?
-3524255
In base 11, what is -3 + -3711182?
-3711185
In base 16, what is 4 + 9b0e2?
9b0e6
In base 16, what is -1b + -32bac?
-32bc7
In base 11, what is -820 + 237a?
165a
In base 9, what is -41607 - -62?
-41535
In base 10, what is -34571 + 8971?
-25600
In base 15, what is -183a - -cbbb?
b381
In base 14, what is -18c - -339520?
339372
In base 2, what is -1011011100010011010000 - -10111?
-1011011100010010111001
In base 5, what is 204134324 - 11?
204134313
In base 5, what is 202032320 - 21332?
202010433
In base 10, what is -1593 + 953?
-640
In base 7, what is -6044630123 + -4?
-6044630130
In base 4, what is -11 - -13303030233?
13303030222
In base 7, what is 45624301 + -1?
45624300
In base 5, what is -11023303 - -12122?
-11011131
In base 7, what is -20246 - 2016?
-22265
In base 5, what is -32400121442 + -2?
-32400121444
In base 4, what is -11000 - -30212330?
30201330
In base 5, what is -120321323 - -104?
-12